{"id":1339,"date":"2021-06-12T13:57:59","date_gmt":"2021-06-12T13:57:59","guid":{"rendered":"https:\/\/nyumbani.ch\/?page_id=1339"},"modified":"2021-06-12T14:08:44","modified_gmt":"2021-06-12T14:08:44","slug":"nyumbanis-gaerten","status":"publish","type":"page","link":"https:\/\/nyumbani.ch\/index.php\/nyumbanis-gaerten\/","title":{"rendered":"Nyumbanis G\u00e4rten"},"content":{"rendered":"\n<p class=\"has-drop-cap\">Wenn wir die T\u00fcre unseres Daheims verlassen, stehen wir im Garten. Dieser ver\u00e4ndert sich h\u00e4ufig und verstr\u00f6mt mal mehr und mal weniger Charme, sieht aber nie gleich aus wie der Vorherige!<\/p>\n\n\n\n<blockquote class=\"wp-block-quote is-layout-flow wp-block-quote-is-layout-flow\"><p>Home is where you park it<\/p><cite>altbekannter camperspruch<\/cite><\/blockquote>\n\n\n\n<p>Ohne Anspruch auf Vollst\u00e4ndigkeit findest du Impressionen unserer bisherigen &#8222;Reiseg\u00e4rten&#8220; in den jeweiligen L\u00e4ndern.<\/p>\n","protected":false},"excerpt":{"rendered":"<p>Wenn wir die T\u00fcre unseres Daheims verlassen, stehen wir im Garten. Dieser ver\u00e4ndert sich h\u00e4ufig und verstr\u00f6mt mal mehr und mal weniger Charme, sieht aber nie gleich aus wie der Vorherige! Home is where you park it altbekannter camperspruch Ohne&#8230; <a class=\"more-link\" href=\"https:\/\/nyumbani.ch\/index.php\/nyumbanis-gaerten\/\">Weiterlesen &rarr;<\/a><\/p>\n","protected":false},"author":1,"featured_media":0,"parent":0,"menu_order":0,"comment_status":"closed","ping_status":"closed","template":"","meta":{"footnotes":""},"class_list":["post-1339","page","type-page","status-publish","hentry"],"_links":{"self":[{"href":"https:\/\/nyumbani.ch\/index.php\/wp-json\/wp\/v2\/pages\/1339","targetHints":{"allow":["GET"]}}],"collection":[{"href":"https:\/\/nyumbani.ch\/index.php\/wp-json\/wp\/v2\/pages"}],"about":[{"href":"https:\/\/nyumbani.ch\/index.php\/wp-json\/wp\/v2\/types\/page"}],"author":[{"embeddable":true,"href":"https:\/\/nyumbani.ch\/index.php\/wp-json\/wp\/v2\/users\/1"}],"replies":[{"embeddable":true,"href":"https:\/\/nyumbani.ch\/index.php\/wp-json\/wp\/v2\/comments?post=1339"}],"version-history":[{"count":3,"href":"https:\/\/nyumbani.ch\/index.php\/wp-json\/wp\/v2\/pages\/1339\/revisions"}],"predecessor-version":[{"id":1359,"href":"https:\/\/nyumbani.ch\/index.php\/wp-json\/wp\/v2\/pages\/1339\/revisions\/1359"}],"wp:attachment":[{"href":"https:\/\/nyumbani.ch\/index.php\/wp-json\/wp\/v2\/media?parent=1339"}],"curies":[{"name":"wp","href":"https:\/\/api.w.org\/{rel}","templated":true}]}}